{"id":342,"date":"2024-05-08T15:50:47","date_gmt":"2024-05-08T13:50:47","guid":{"rendered":"https:\/\/piscinebluedesign33.fr\/?page_id=342"},"modified":"2024-05-08T15:50:48","modified_gmt":"2024-05-08T13:50:48","slug":"mentions-legales","status":"publish","type":"page","link":"https:\/\/piscinebluedesign33.fr\/index.php\/mentions-legales\/","title":{"rendered":"Mentions l\u00e9gales"},"content":{"rendered":"\t\t<div data-elementor-type=\"wp-page\" data-elementor-id=\"342\" class=\"elementor elementor-342\">\n\t\t\t\t<div class=\"elementor-element elementor-element-514f12a e-flex e-con-boxed e-con e-parent\" data-id=\"514f12a\" data-element_type=\"container\">\n\t\t\t\t\t<div class=\"e-con-inner\">\n\t\t\t\t<div class=\"elementor-element elementor-element-83eb409 elementor-widget elementor-widget-text-editor\" data-id=\"83eb409\" data-element_type=\"widget\" data-widget_type=\"text-editor.default\">\n\t\t\t\t<div class=\"elementor-widget-container\">\n\t\t\t<style>\/*! elementor - v3.21.0 - 30-04-2024 *\/\n.elementor-widget-text-editor.elementor-drop-cap-view-stacked .elementor-drop-cap{background-color:#69727d;color:#fff}.elementor-widget-text-editor.elementor-drop-cap-view-framed .elementor-drop-cap{color:#69727d;border:3px solid;background-color:transparent}.elementor-widget-text-editor:not(.elementor-drop-cap-view-default) .elementor-drop-cap{margin-top:8px}.elementor-widget-text-editor:not(.elementor-drop-cap-view-default) .elementor-drop-cap-letter{width:1em;height:1em}.elementor-widget-text-editor .elementor-drop-cap{float:left;text-align:center;line-height:1;font-size:50px}.elementor-widget-text-editor .elementor-drop-cap-letter{display:inline-block}<\/style>\t\t\t\t<div class=\"container content-wrapper\"><div class=\"row main-row\"><article id=\"post-514\" class=\"post-514 page type-page status-publish hentry\"><div class=\"entry-content\"><p>Ces mentions l\u00e9gales concernent le site <a href=\"https:\/\/piscinebluedesign33.fr\/\" target=\"_blank\" rel=\"noopener\"><strong>www.piscinebluedesign33.fr<\/strong><\/a><\/p><p>EURL PISCINE BLUE DESIGN domicili\u00e9e : 40 Rue Bonnaous, 33110 Le Bouscat, France<\/p><p>Dirigeant : Mr Philippe BARBE<\/p><p>T\u00e9l : 06 21 01 13 23 \/ @ : piscinebluedesign@gmail.com<\/p><p>RCS Bordeaux 510 914 534<\/p><p>Siret 510 914 534 00019<\/p><p>APE : 4399D<\/p><p>N\u00b0 TVA intracommunautaire : FR54 510914534<\/p><p>Capital \u00e0 3 000,00 \u20ac<\/p><\/div><p><strong><span style=\"text-decoration: underline;\">Mentions l\u00e9gales relatives \u00e0 l&rsquo;h\u00e9bergement du site<\/span> :<\/strong><\/p><\/article><p>OVH &#8211; 2 rue kellermann BP 80157 59053 ROUBAIX CEDEX 1 &#8211; France<\/p><\/div><p><strong><span style=\"text-decoration: underline;\">Mentions l\u00e9gales relatives \u00e0 la propri\u00e9t\u00e9 intellectuelle<\/span> :<\/strong><\/p><p>Le contenu du site (textes, logos, images graphiques et\/ou sonores\u2026.) est la propri\u00e9t\u00e9 de Piscine Blue Desing et de ses partenaires et est prot\u00e9g\u00e9 par les lois fran\u00e7aises et internationales relatives \u00e0 la propri\u00e9t\u00e9 intellectuelle. Le contenu ne peut \u00eatre copi\u00e9, reproduit ou enregistr\u00e9 de quelle que fa\u00e7on que ce soit sauf autorisation pr\u00e9alable et \u00e9crite de Piscine Blue Design.<\/p><p>Toute reproduction et\/ou repr\u00e9sentation totale ou partielle de quelle que nature que ce soit, sans autorisation, d\u2019un visuel ou d\u2019une photographie repr\u00e9sent\u00e9 sur le site est strictement interdite et fera l\u2019objet de poursuites.<\/p><p>Piscine Blue Design est titulaire de droits de propri\u00e9t\u00e9 intellectuelle au titre des droits d\u2019auteur, de dessins et mod\u00e8les, ou autres droits de m\u00eame nature.<\/p><p>Par ailleurs, le client ne peut acc\u00e9der au contenu de la base de donn\u00e9es et \u00e0 tout autre \u00e9l\u00e9ment du site et les afficher que pour en faire un usage non commercial et priv\u00e9.<\/p><\/div>\t\t\t\t\t\t<\/div>\n\t\t\t\t<\/div>\n\t\t\t\t\t<\/div>\n\t\t\t\t<\/div>\n\t\t\t\t<\/div>\n\t\t","protected":false},"excerpt":{"rendered":"<p>Ces mentions l\u00e9gales concernent le site www.piscinebluedesign33.fr EURL PISCINE BLUE DESIGN domicili\u00e9e : 40 Rue Bonnaous, 33110 Le Bouscat, France Dirigeant : Mr Philippe BARBE T\u00e9l : 06 21 01 13 23 \/ @ : piscinebluedesign@gmail.com RCS Bordeaux 510 914 534 Siret 510 914 534 00019 APE : 4399D N\u00b0 TVA intracommunautaire : FR54 510914534 [&hellip;]<\/p>\n","protected":false},"author":1,"featured_media":0,"parent":0,"menu_order":0,"comment_status":"closed","ping_status":"closed","template":"elementor_header_footer","meta":{"footnotes":""},"class_list":["post-342","page","type-page","status-publish","hentry","entry"],"yoast_head":"<!-- This site is optimized with the Yoast SEO plugin v22.6 - https:\/\/yoast.com\/wordpress\/plugins\/seo\/ -->\n<title>Piscine Blue Design \u00e0 Bordeaux<\/title>\n<meta name=\"description\" content=\"Cliquez ici pour retrouver les mentions l\u00e9gales du site de Piscine Blue Design \u00e0 Bordeaux.\" \/>\n<meta name=\"robots\" content=\"index, follow, max-snippet:-1, max-image-preview:large, max-video-preview:-1\" \/>\n<link rel=\"canonical\" href=\"https:\/\/piscinebluedesign33.fr\/index.php\/mentions-legales\/\" \/>\n<meta property=\"og:locale\" content=\"fr_FR\" \/>\n<meta property=\"og:type\" content=\"article\" \/>\n<meta property=\"og:title\" content=\"Piscine Blue Design \u00e0 Bordeaux\" \/>\n<meta property=\"og:description\" content=\"Cliquez ici pour retrouver les mentions l\u00e9gales du site de Piscine Blue Design \u00e0 Bordeaux.\" \/>\n<meta property=\"og:url\" content=\"https:\/\/piscinebluedesign33.fr\/index.php\/mentions-legales\/\" \/>\n<meta property=\"og:site_name\" content=\"Piscine Blue Design\" \/>\n<meta property=\"article:publisher\" content=\"https:\/\/www.facebook.com\/piscinebluedesign\" \/>\n<meta property=\"article:modified_time\" content=\"2024-05-08T13:50:48+00:00\" \/>\n<meta name=\"twitter:card\" content=\"summary_large_image\" \/>\n<meta name=\"twitter:label1\" content=\"Dur\u00e9e de lecture estim\u00e9e\" \/>\n\t<meta name=\"twitter:data1\" content=\"2 minutes\" \/>\n<script type=\"application\/ld+json\" class=\"yoast-schema-graph\">{\"@context\":\"https:\/\/schema.org\",\"@graph\":[{\"@type\":\"WebPage\",\"@id\":\"https:\/\/piscinebluedesign33.fr\/index.php\/mentions-legales\/\",\"url\":\"https:\/\/piscinebluedesign33.fr\/index.php\/mentions-legales\/\",\"name\":\"Piscine Blue Design \u00e0 Bordeaux\",\"isPartOf\":{\"@id\":\"https:\/\/piscinebluedesign33.fr\/#website\"},\"datePublished\":\"2024-05-08T13:50:47+00:00\",\"dateModified\":\"2024-05-08T13:50:48+00:00\",\"description\":\"Cliquez ici pour retrouver les mentions l\u00e9gales du site de Piscine Blue Design \u00e0 Bordeaux.\",\"breadcrumb\":{\"@id\":\"https:\/\/piscinebluedesign33.fr\/index.php\/mentions-legales\/#breadcrumb\"},\"inLanguage\":\"fr-FR\",\"potentialAction\":[{\"@type\":\"ReadAction\",\"target\":[\"https:\/\/piscinebluedesign33.fr\/index.php\/mentions-legales\/\"]}]},{\"@type\":\"BreadcrumbList\",\"@id\":\"https:\/\/piscinebluedesign33.fr\/index.php\/mentions-legales\/#breadcrumb\",\"itemListElement\":[{\"@type\":\"ListItem\",\"position\":1,\"name\":\"Accueil\",\"item\":\"https:\/\/piscinebluedesign33.fr\/\"},{\"@type\":\"ListItem\",\"position\":2,\"name\":\"Mentions l\u00e9gales\"}]},{\"@type\":\"WebSite\",\"@id\":\"https:\/\/piscinebluedesign33.fr\/#website\",\"url\":\"https:\/\/piscinebluedesign33.fr\/\",\"name\":\"Piscine Blue Design\",\"description\":\"\",\"publisher\":{\"@id\":\"https:\/\/piscinebluedesign33.fr\/#organization\"},\"potentialAction\":[{\"@type\":\"SearchAction\",\"target\":{\"@type\":\"EntryPoint\",\"urlTemplate\":\"https:\/\/piscinebluedesign33.fr\/?s={search_term_string}\"},\"query-input\":\"required name=search_term_string\"}],\"inLanguage\":\"fr-FR\"},{\"@type\":\"Organization\",\"@id\":\"https:\/\/piscinebluedesign33.fr\/#organization\",\"name\":\"Piscine Blue Design\",\"url\":\"https:\/\/piscinebluedesign33.fr\/\",\"logo\":{\"@type\":\"ImageObject\",\"inLanguage\":\"fr-FR\",\"@id\":\"https:\/\/piscinebluedesign33.fr\/#\/schema\/logo\/image\/\",\"url\":\"https:\/\/piscinebluedesign33.fr\/wp-content\/uploads\/2024\/05\/Logo-PBD.png.jpg\",\"contentUrl\":\"https:\/\/piscinebluedesign33.fr\/wp-content\/uploads\/2024\/05\/Logo-PBD.png.jpg\",\"width\":335,\"height\":112,\"caption\":\"Piscine Blue Design\"},\"image\":{\"@id\":\"https:\/\/piscinebluedesign33.fr\/#\/schema\/logo\/image\/\"},\"sameAs\":[\"https:\/\/www.facebook.com\/piscinebluedesign\",\"https:\/\/www.instagram.com\/piscinebluedesign33\/\"]}]}<\/script>\n<!-- \/ Yoast SEO plugin. -->","yoast_head_json":{"title":"Piscine Blue Design \u00e0 Bordeaux","description":"Cliquez ici pour retrouver les mentions l\u00e9gales du site de Piscine Blue Design \u00e0 Bordeaux.","robots":{"index":"index","follow":"follow","max-snippet":"max-snippet:-1","max-image-preview":"max-image-preview:large","max-video-preview":"max-video-preview:-1"},"canonical":"https:\/\/piscinebluedesign33.fr\/index.php\/mentions-legales\/","og_locale":"fr_FR","og_type":"article","og_title":"Piscine Blue Design \u00e0 Bordeaux","og_description":"Cliquez ici pour retrouver les mentions l\u00e9gales du site de Piscine Blue Design \u00e0 Bordeaux.","og_url":"https:\/\/piscinebluedesign33.fr\/index.php\/mentions-legales\/","og_site_name":"Piscine Blue Design","article_publisher":"https:\/\/www.facebook.com\/piscinebluedesign","article_modified_time":"2024-05-08T13:50:48+00:00","twitter_card":"summary_large_image","twitter_misc":{"Dur\u00e9e de lecture estim\u00e9e":"2 minutes"},"schema":{"@context":"https:\/\/schema.org","@graph":[{"@type":"WebPage","@id":"https:\/\/piscinebluedesign33.fr\/index.php\/mentions-legales\/","url":"https:\/\/piscinebluedesign33.fr\/index.php\/mentions-legales\/","name":"Piscine Blue Design \u00e0 Bordeaux","isPartOf":{"@id":"https:\/\/piscinebluedesign33.fr\/#website"},"datePublished":"2024-05-08T13:50:47+00:00","dateModified":"2024-05-08T13:50:48+00:00","description":"Cliquez ici pour retrouver les mentions l\u00e9gales du site de Piscine Blue Design \u00e0 Bordeaux.","breadcrumb":{"@id":"https:\/\/piscinebluedesign33.fr\/index.php\/mentions-legales\/#breadcrumb"},"inLanguage":"fr-FR","potentialAction":[{"@type":"ReadAction","target":["https:\/\/piscinebluedesign33.fr\/index.php\/mentions-legales\/"]}]},{"@type":"BreadcrumbList","@id":"https:\/\/piscinebluedesign33.fr\/index.php\/mentions-legales\/#breadcrumb","itemListElement":[{"@type":"ListItem","position":1,"name":"Accueil","item":"https:\/\/piscinebluedesign33.fr\/"},{"@type":"ListItem","position":2,"name":"Mentions l\u00e9gales"}]},{"@type":"WebSite","@id":"https:\/\/piscinebluedesign33.fr\/#website","url":"https:\/\/piscinebluedesign33.fr\/","name":"Piscine Blue Design","description":"","publisher":{"@id":"https:\/\/piscinebluedesign33.fr\/#organization"},"potentialAction":[{"@type":"SearchAction","target":{"@type":"EntryPoint","urlTemplate":"https:\/\/piscinebluedesign33.fr\/?s={search_term_string}"},"query-input":"required name=search_term_string"}],"inLanguage":"fr-FR"},{"@type":"Organization","@id":"https:\/\/piscinebluedesign33.fr\/#organization","name":"Piscine Blue Design","url":"https:\/\/piscinebluedesign33.fr\/","logo":{"@type":"ImageObject","inLanguage":"fr-FR","@id":"https:\/\/piscinebluedesign33.fr\/#\/schema\/logo\/image\/","url":"https:\/\/piscinebluedesign33.fr\/wp-content\/uploads\/2024\/05\/Logo-PBD.png.jpg","contentUrl":"https:\/\/piscinebluedesign33.fr\/wp-content\/uploads\/2024\/05\/Logo-PBD.png.jpg","width":335,"height":112,"caption":"Piscine Blue Design"},"image":{"@id":"https:\/\/piscinebluedesign33.fr\/#\/schema\/logo\/image\/"},"sameAs":["https:\/\/www.facebook.com\/piscinebluedesign","https:\/\/www.instagram.com\/piscinebluedesign33\/"]}]}},"_links":{"self":[{"href":"https:\/\/piscinebluedesign33.fr\/index.php\/wp-json\/wp\/v2\/pages\/342","targetHints":{"allow":["GET"]}}],"collection":[{"href":"https:\/\/piscinebluedesign33.fr\/index.php\/wp-json\/wp\/v2\/pages"}],"about":[{"href":"https:\/\/piscinebluedesign33.fr\/index.php\/wp-json\/wp\/v2\/types\/page"}],"author":[{"embeddable":true,"href":"https:\/\/piscinebluedesign33.fr\/index.php\/wp-json\/wp\/v2\/users\/1"}],"replies":[{"embeddable":true,"href":"https:\/\/piscinebluedesign33.fr\/index.php\/wp-json\/wp\/v2\/comments?post=342"}],"version-history":[{"count":5,"href":"https:\/\/piscinebluedesign33.fr\/index.php\/wp-json\/wp\/v2\/pages\/342\/revisions"}],"predecessor-version":[{"id":347,"href":"https:\/\/piscinebluedesign33.fr\/index.php\/wp-json\/wp\/v2\/pages\/342\/revisions\/347"}],"wp:attachment":[{"href":"https:\/\/piscinebluedesign33.fr\/index.php\/wp-json\/wp\/v2\/media?parent=342"}],"curies":[{"name":"wp","href":"https:\/\/api.w.org\/{rel}","templated":true}]}}